ue
Is 44 a factor of 3971?
False
Does 12 divide 1416?
True
Does 21 divide 26586?
True
Is 1739 a multiple of 47?
True
Is 21291 a multiple of 64?
False
Is 1948 a multiple of 11?
False
Is 14 a factor of 2016?
True
Is 1027 a multiple of 79?
True
Does 24 divide 2328?
True
Is 1348 a multiple of 31?
False
Is 5 a factor of 21672?
False
Is 66950 a multiple of 133?
False
Is 564 a multiple of 61?
False
Does 13 divide 12155?
True
Does 30 divide 150?
True
Is 15 a factor of 10635?
True
Is 33 a factor of 19052?
False
Is 19 a factor of 25650?
True
Is 14 a factor of 127498?
True
Does 7 divide 543?
False
Does 173 divide 1470?
False
Is 6 a factor of 18192?
True
Does 3 divide 313?
False
Does 11 divide 79253?
False
Is 2561 a multiple of 142?
False
Does 41 divide 287?
True
Does 20 divide 31798?
False
Does 45 divide 7662?
False
Is 6 a factor of 156?
True
Does 59 divide 2908?
False
Does 49 divide 1294?
False
Does 11 divide 5537?
False
Does 41 divide 123660?
False
Is 13 a factor of 133754?
False
Is 22539 a multiple of 40?
False
Is 385 a multiple of 5?
True
Does 5 divide 593?
False
Does 6 divide 5220?
True
Is 16234 a multiple of 4?
False
Does 351 divide 109161?
True
Is 17 a factor of 232?
False
Is 22 a factor of 2288?
True
Is 3800 a multiple of 76?
True
Is 65 a multiple of 5?
True
Does 5 divide 206?
False
Is 803 a multiple of 62?
False
Is 1152 a multiple of 73?
False
Does 4 divide 43?
False
Is 12 a factor of 6528?
True
Is 18 a factor of 18659?
False
Does 9 divide 9909?
True
Is 34 a factor of 1265?
False
Is 357 a multiple of 119?
True
Is 9017 a multiple of 17?
False
Is 7 a factor of 326?
False
Is 204 a multiple of 4?
True
Does 6 divide 6990?
True
Is 5404 a multiple of 21?
False
Is 61 a factor of 2802?
False
Is 93 a factor of 23250?
True
Is 1638 a multiple of 21?
True
Is 1562 a multiple of 11?
True
Is 60 a factor of 52839?
False
Does 41 divide 1038?
False
Does 10 divide 8840?
True
Is 91 a factor of 20293?
True
Does 78 divide 85254?
True
Does 139 divide 39701?
False
Does 33 divide 15312?
True
Is 3 a factor of 2444?
False
Is 9 a factor of 3443?
False
Is 5016 a multiple of 57?
True
Is 29 a factor of 175?
False
Does 28 divide 9525?
False
Does 204 divide 52847?
False
Does 11 divide 14036?
True
Is 9 a factor of 1620?
True
Is 10 a factor of 61195?
False
Is 4 a factor of 2000?
True
Is 3 a factor of 4117?
False
Is 867 a multiple of 51?
True
Is 33320 a multiple of 28?
True
Does 20 divide 4098?
False
Is 102 a factor of 2820?
False
Does 4 divide 54?
False
Is 97 a multiple of 2?
False
Does 265 divide 12565?
False
Is 2297 a multiple of 24?
False
Does 25 divide 6908?
False
Is 73 a factor of 80738?
True
Is 2924 a multiple of 86?
True
Is 56 a factor of 86352?
True
Is 34496 a multiple of 248?
False
Is 1156 a multiple of 15?
False
Is 47 a factor of 119111?
False
Does 3 divide 109?
False
Is 69 a factor of 21167?
False
Is 8372 a multiple of 28?
True
Does 11 divide 124?
False
Does 11 divide 4587?
True
Is 10 a multiple of 5?
True
Is 89 a factor of 28391?
True
Is 15806 a multiple of 14?
True
Is 14 a factor of 556?
False
Is 41 a factor of 4107?
False
Is 1518 a multiple of 66?
True
Is 3 a factor of 3405?
True
Is 32 a factor of 10649?
False
Does 23 divide 1190?
False
Is 26304 a multiple of 52?
False
Does 177 divide 20234?
False
Does 418 divide 133148?
False
Is 57427 a multiple of 227?
False
Is 15 a factor of 714?
False
Does 49 divide 9054?
False
Is 9768 a multiple of 22?
True
Is 67 a factor of 536?
True
Is 25 a factor of 25976?
False
Is 699 a multiple of 35?
False
Is 13 a factor of 11360?
False
Does 44 divide 4620?
True
Does 21 divide 4505?
False
Is 62 a factor of 10704?
False
Does 54 divide 270?
True
Does 17 divide 646?
True
Is 5 a factor of 63?
False
Is 12152 a multiple of 22?
False
Does 15 divide 7185?
True
Is 105 a factor of 15213?
False
Is 5984 a multiple of 11?
True
Does 13 divide 660?
False
Is 292 a multiple of 2?
True
Does 25 divide 28775?
True
Does 94 divide 7238?
True
Does 6 divide 240?
True
Does 147 divide 10290?
True
Is 17475 a multiple of 37?
False
Is 5 a factor of 14?
False
Does 88 divide 438?
False
Does 9 divide 1855?
False
Is 30903 a multiple of 25?
False
Is 2772 a multiple of 126?
True
Does 8 divide 3634?
False
Is 8500 a multiple of 60?
False
Is 1346 a multiple of 55?
False
Is 5789 a multiple of 8?
False
Is 115 a factor of 1265?
True
Is 74 a factor of 7691?
False
Is 14 a factor of 182?
True
Does 15 divide 1574?
False
Is 5 a factor of 209?
False
Is 1361 a multiple of 17?
False
Does 6 divide 318?
True
Does 36 divide 169?
False
Does 53 divide 1643?
True
Is 7315 a multiple of 77?
True
Does 20 divide 1310?
False
Is 399 a multiple of 19?
True
Is 12923 a multiple of 7?
False
Is 22159 a multiple of 15?
False
Does 69 divide 7594?
False
Does 42 divide 936?
False
Is 23 a factor of 7912?
True
Is 128 a factor of 965?
False
Is 770 a multiple of 10?
True
Is 2323 a multiple of 23?
True
Is 14 a factor of 32844?
True
Is 89 a factor of 178?
True
Does 73 divide 28105?
True
Is 7 a factor of 110?
False
Does 302 divide 78422?
False
Does 71 divide 6350?
False
Is 24499 a multiple of 111?
False
Is 6347 a multiple of 8?
False
Does 152 divide 5122?
False
Does 34 divide 34?
True
Is 57307 a multiple of 164?
False
Does 140 divide 1120?
True
Is 163 a factor of 24939?
True
Does 226 divide 87914?
True
Does 21 divide 50111?
False
Does 2 divide 994?
True
Is 4542 a multiple of 181?
False
Is 5 a factor of 402?
False
Does 11 divide 4069?
False
Is 24522 a multiple of 61?
True
Does 3 divide 423?
True
Is 13 a factor of 832?
True
Is 22840 a multiple of 8?
True
Does 16 divide 256?
True
Is 814 a multiple of 37?
True
Does 144 divide 36576?
True
Is 28678 a multiple of 11?
False
Is 1800 a multiple of 15?
True
Is 2081 a multiple of 37?
False
Is 2372 a multiple of 7?
False
Is 10 a factor of 660?
True
Is 6 a factor of 306?
True
Is 27 a factor of 1026?
True
Is 7859 a multiple of 32?
False
Is 7895 a multiple of 5?
True
Is 3594 a multiple of 95?
False
Does 276 divide 29601?
False
Does 82 divide 18301?
False
Does 7 divide 1344?
True
Does 6 divide 2696?
False
Is 23 a factor of 715?
False
Is 5 a factor of 186?
False
Is 202 a multiple of 9?
False
Is 6765 a multiple of 55?
True
Is 12606 a multiple of 85?
False
Is 59 a factor of 130803?
True
Is 44492 a multiple of 227?
True
Is 26 a factor of 2808?
True
Does 16 divide 1632?
True
Is 237 a factor of 8295?
True
Is 26 a factor of 45654?
False
Does 121 divide 1210?
True
Does 62 divide 81902?
True
Is 28 a factor of 690?
False
Is 807 a multiple of 3?
True
Is 78 a factor of 16614?
True
Is 17481 a multiple of 14?
False
Does 4 divide 11244?
True
Is 161 a factor of 4905?
False
Does 38 divide 2034?
False
Does 37 divide 1030?
False
Does 11 divide 2551?
False
Is 14 a factor of 19723?
False
Is 168 a multiple of 42?
True
Is 1024 a multiple of 52?
False
Is 58136 a multiple of 43?
True
Does 30 divide 24290?
False
Does 14 divide 3649?
False
Is 28 a factor of 1690?
False
Does 5 divide 676?
False
Is 743 a multiple of 56?
False
Does 141 divide 35673?
True
Is 81535 a multiple of 178?
False
Does 72 divide 20885?
False
Is 1068 a multiple of 16?
False
Is 782 a multiple of 41?
False
Is 1552 a multiple of 66?
False
Does 206 divide 56238?
True
Is 51 a factor of 1122?
True
Is 889 a multiple of 4?
False
Does 14 divide 46249?
False
Is 4515 a multiple of 43?
True
Is 134 a factor of 16942?
False
Is 25 a factor of 1104?
False
Is 29 a factor of 170?
False
Does 7 divide 634?
False
Does 49 divide 782?
False
Is 11 a factor of 4771?
False
Does 33 divide 1159?
False
Is 7 a factor of 1371?
False
Is 4 a factor of 1181?
False
Is 790 a multiple of 10?
True
Is 14592 a multiple of 76?
True
Is 1558 a multiple of 19?
True
Is 5600 a multiple of 20?
True
Does 15 divide 5448?
False
Is 2748 a multiple of 46?
False
Does 71 divide 11005?
True
Is 23 a factor of 75?
False
Does 7 divide 21539?
True
Is 24 a factor of 24?
True
Is 27 a factor of 351?
True
Is 435 a multiple of 2?
False
Is 14 a factor of 1162?
True
Is 57 a factor of 9067?
False
Does 10 divide 1712?
False
Does 11 divide 291?
False
Is 23 a factor of 621?
True
Is 20 a factor of 7520?
True
Is 21327 a multiple of 27?
False
Is 55 a factor of 754?
False
Is 2718 a multiple of 59?
False
Is 306 a factor of 12489?
False
Is 46 a factor of 9325?
False
Does 11 divide 14839?
True
Is 62 a factor 